h**2/2 - 1060*h + 2. What is k(-5)?
29
Let m(y) = 51 - 3*y + y - 49. Let b = -1879 + 1873. Give m(b).
14
Let g(t) = 5*t**3 - t**2 + 2*t + 7. Let a(m) = -m**3 - m**2 + m. Let w(f) = -6*a(f) - g(f). Let r be (-1*4/(-10))/(1/(-1440)). Let d = -584 - r. Determine w(d).
-7
Let b = 523 + -516. Suppose -2*f - 2 + b = 3*m, -4*m + 2 = -2*f. Let x(u) = -21*u**3 + u**2 - 1. Calculate x(m).
-21
Let o(y) = y**2 - 7*y - 16. Let q be o(9). Let u(g) = -149*g - g**q + 4*g**2 + 150*g - 4*g**2. Let t(a) = 6*a - 9. Let b(l) = -t(l) + u(l). Determine b(-7).
-5
Let z(l) = -5*l**2 - 13*l + 31. Let q(x) = -3*x**2 - 13*x + 35. Let k(v) = -3*q(v) + 2*z(v). Determine k(10).
-13
Let t = -11411 - -11416. Let d(f) = 3*f - 41. Determine d(t).
-26
Let p(d) be the first derivative of d**4/4 - 3*d**3 + 15*d**2/2 - d + 1442. Calculate p(5).
-26
Let f(y) = 43*y**2 - 19*y + 44. Let i(t) = -158*t**2 + 75*t - 175. Let c(p) = 11*f(p) + 3*i(p). What is c(4)?
7
Let q(n) be the third derivative of n**5/60 - n**4/24 - 14*n**3/3 + 66*n**2 + 68*n - 2. Let s(u) = u - 6. Let o be s(6). What is q(o)?
-28
Suppose 2*u - 4*c - 4 = 0, 0 = -2*u + 3*c + 2*c + 3. Let k be u + (4 - (7 + -3) - 2). Let p be 1 - (-12)/(-9) - k/(-6). Let o(v) = v + 3. Give o(p).
3
Let o = -123 + 212. Let z = -5303 + 5220. Let t = z + o. Let y(n) = -n**3 + 8*n**2 - 10*n + 8. Determine y(t).
20
Let s be (-11)/5 - 16*(-5)/(-100). Let d(j) = -5*j - 13. Let t be d(s). Let z(b) = -b**2 + b - 2. Determine z(t).
-4
Suppose -3*a = -5*v + 2*v + 24, -20 = 5*v. Let c(i) = i**2 + 44 - 27 + 2*i - 27 + 8*i. Give c(a).
14
Let f = 168 + -160. Let s(m) = -6*m + m + 3 + 0*m - m**2 + f. Calculate s(-6).
5
Let y(b) = b**3 + 3*b**2 - 10*b. Suppose -533 - 827 = 272*d. What is y(d)?
0
Suppose 0 + 6 = -3*h + 5*x, 3*h + 2*x + 6 = 0. Let j(u) = 3*u**2 - 8*u - 1. Let l(s) = -7*s**2 + 16*s + 3. Let c(r) = h*l(r) - 5*j(r). Calculate c(7).
6
Let q(d) be the third derivative of -d**5/15 - d**4/2 + 11*d**3/6 - 1170*d**2. Determine q(-4).
-5
Let l(p) = 8*p - 21. Let w(i) = 63*i - 247. Let u be w(4). Give l(u).
19
Suppose -2*q + 40 = 5*n, -3*n - 22 + 55 = 3*q. Let i(s) = 11*s - 13 + s - n*s - 8*s. Give i(-11).
9
Suppose 16*h - 13*h + 12 = -5*p, 4*p + h + 11 = 0. Let n(t) = t**3 + t**2 - 6*t + 1. Give n(p).
1
Let y(i) = 35*i**2 - 2*i - 17*i**2 + i - 19*i**2. Let r(v) = -139*v + 833. Let a be r(6). Determine y(a).
0
Let c(f) = -f**3 - 5*f**2 - 3*f + 1. Let v be (26 + -25)/((-9)/(-5) - 2). Determine c(v).
16
Let x(r) = -r**2 - 32*r - 137. Let h be (-3)/10*(345 + -255). Calculate x(h).
-2
Let c(a) = -a + 15. Suppose 93*z - 87*z = -798. Let k = z + 144. Determine c(k).
4
Let i be ((-180)/48)/(26/104). Let x(u) = u**2 + 19*u + 3. Calculate x(i).
-57
Let a(s) = -26*s**3 + 4*s**2 - 52. Let o(b) = 13*b**3 - 2*b**2 + 21. Let n(q) = -2*a(q) - 5*o(q). Calculate n(2).
-97
Suppose -10726*v + 10728*v = -14. Let p(c) = -4*c + 12. What is p(v)?
40
Suppose 4*u + 3 = -17. Let g(v) = v**3 + 6*v**2 + 7*v + 14. Let h be g(u). Let o(k) = -109*k**2 - h*k**3 + 3*k**3 - 2*k - 3 + 105*k**2. Calculate o(-2).
-7
Let d(f) = 13*f**2 + 13*f - 1. Let s(j) = -j**2 + 8*j**2 - 2 + 1 + 57*j - 50*j. Let p(t) = 6*d(t) - 11*s(t). Determine p(0).
5
Let u be (5/(-10))/(1/(-4)). Let k(z) = -4*z**3 + z + 0*z**2 + 5*z**3 - 2*z + z**u - 8. Suppose v = -0*v + 13*v. Calculate k(v).
-8
Let r(v) = 141*v - 83*v - v**3 - 55*v + 8 + 8*v**2. Determine r(8).
32
Let h(c) be the first derivative of -3*c**4/4 - 2*c**3/3 - c**2/2 + 4449. Determine h(-2).
18
Let k be (-5)/15 + -2 + 18/(-27). Let y(q) = 3*q + 5. Give y(k).
-4
Let u(n) = n**3 + 18*n**2 + 8. Let l(z) = -z**2 + 4*z + 3. Let t be l(-3). Let y be u(t). Let d(h) = -h**3 + 10*h**2 - 17*h + 3. Calculate d(y).
-5
Let t = -15 - -17. Suppose -3*x + 43 = 2*d, t = -4*d - 2. Suppose -34*i + 29*i + x = 0. Let v(s) = s**3 - 4*s**2 + 3*s + 4. What is v(i)?
4
Let k(p) = -9 + 7 - 7*p + 6*p + 5 + 2*p. Let z be 0 + (0 - 1) - -1. Let o = -3 - z. Calculate k(o).
0
Let n(l) be the second derivative of 13*l**2 + 6 - 1/3*l**3 - 15*l. Determine n(15).
-4
Let s(g) = -8*g + 11. Suppose -t = -0*p - 5*p + 56, -17 = -2*p - 5*t. Let m(q) = 3*q - 4. Let k(o) = p*m(o) + 4*s(o). Calculate k(-4).
-4
Let c = 1898 - 1904. Let q(w) = w**3 + 3*w**2 - 22*w - 15. Calculate q(c).
9
Let w(t) be the second derivative of 5*t**4/24 - t**3/6 + 3*t**2 + 18*t + 2. Let x(b) be the first derivative of w(b). Calculate x(2).
9
Let c(l) = 26*l - 8. Let u(q) = 17*q - 8. Let a(x) = 2*c(x) - 3*u(x). Determine a(-4).
4
Let r(g) be the third derivative of 7*g**5/60 + 5*g**4/24 + g**3/6 - 2*g**2 + 2. Let n(l) = -9*l**2 - 5*l - 2. Let h(s) = 4*n(s) + 5*r(s). Determine h(4).
1
Let a = -127 - -137. Suppose 8 = -p + a. Let d(v) = v**3 + 2*v + 0*v - 2*v**3 + v**2. Calculate d(p).
0
Let w(d) = -d**3 - 5*d**2 - 6*d. Let g be (-20 - -19)/(1/61). Let s = g - -66. Suppose 0 = s*p + 6 + 14. Calculate w(p).
8
Let k(u) = 2*u**3 - 156*u**2 + 2*u + 46. Let h(s) = s**3 - 88*s**2 + 2*s + 23. Let w(r) = 7*h(r) - 4*k(r). What is w(8)?
25
Let i(s) = -3*s**2 + 41*s - 79. Let q be i(11). Let m(f) = 3*f - 11. Determine m(q).
16
Let b(a) = 29*a**2 + 19*a + 24. Let u(m) = 13*m**2 + 9*m + 12. Let x(r) = 4*b(r) - 9*u(r). Give x(-3).
-6
Let n(s) = s**3 - 25*s**2 - 27*s + 28. Let l be n(26). Let a(w) = -19*w - w**3 - 16*w - 5 + 6 + 31*w - 5*w**l. Determine a(-4).
1
Let u(i) = -3*i**3 + 21*i**2 + 3*i + 31. Let m(b) = 13*b**3 - 85*b**2 - 11*b - 126. Let z(c) = 4*m(c) + 17*u(c). What is z(-17)?
-96
Let b(x) = 6*x + 83. Let w be b(-15). Let u be 6*2/w*7/(-2). Let z(k) = k**2 - 7*k + 6. What is z(u)?
0
Let r(c) = 339*c + 1103. Let q(m) = 465*m + 1471. Let s(i) = 8*q(i) - 11*r(i). Give s(-41).
4
Let v(u) = -14*u - 101. Let c be v(-7). Let p(w) = 10*w - 5. Let s(d) = -4*d + 2. Let i(l) = c*p(l) - 7*s(l). What is i(7)?
-13
Let l(s) = 16*s**2 + 9*s + 6. Let u(v) = 3*v**2 + 2*v + 1. Let b be 2/1*(-110)/(-20). Let z(o) = b*u(o) - 2*l(o). Let j = 1160 - 1166. Determine z(j).
11
Let x = 68 + -113. Let w be (-4)/(-18) + 10/x. Let m(j) = -j + 179 - 56 + j**2 - 53 - 58. What is m(w)?
12
Let v be (1 + (-11)/(-4))/((-1335)/3560). Let y(q) = q**3 + 11*q**2 + 9*q + 8. Give y(v).
18
Let o(l) = l**2 - 36*l + 181. Let b(g) = -g**3 + 6*g**2 + 96*g + 41. Let n be b(-7). Give o(n).
1
Let j(t) = t**2 - t - 4. Let d(n) = 3*n**2 - 3*n - 11. Let p(f) = -3*d(f) + 8*j(f). Let x be ((-213)/(-284))/(4/(80/3)). Give p(x).
-19
Suppose -39 = -2*z - 2*j + 1, 2*j = -3*z + 64. Suppose -5*s = -2*s - z. Let d(o) = o**2 + 17 - 10 - s*o - 2. Determine d(5).
-10
Let m be (2/28*1)/((-880)/70 - -13). Let z(n) be the second derivative of 0 - 25*n + 0*n**2 + m*n**3. Give z(-6).
-6
Let u be 2*(-1)/(4/(-26)). Let v(r) be the third derivative of r**5/60 - r**4/2 - 17*r**3/6 + 55357*r**2. Give v(u).
-4
Let a(q) be the second derivative of -q**3/6 + 7*q**2 + 90*q - 15. Give a(8).
6
Let w(v) = -1545*v - 7724. Let z be w(-5). Let k(o) be the second derivative of -o**5/4 - o**4/6 + o**2/2 - o. Determine k(z).
-6
Let c be (-2)/3 + (-24)/(-36). Suppose c = -2*a + 4*a + 32. Let y = a - -19. Let f(v) = v**3 - 5*v**2 + 2*v + 1. Give f(y).
-11
Let p(i) = -i**3 - i**2 - 22. Let o(k) = -k**2 + 11*k - 3. Let l be o(8). Suppose 8 = l*x + 8. Give p(x).
-22
Suppose -4*u - 2*h = 15 + 43, u + 4 = 3*h. Let f(s) = s**2 + 14*s + 13. Calculate f(u).
0
Let l(b) = 6*b + 24. Let w be -19 + (27 - 15) + 0. Give l(w).
-18
Suppose 0 = 2*f - a - 20, 6*f - 3*a + 28 = 11*f. Let j(u) = -u**2 - 5*u - 3. Let w be j(-4). Let r(i) = -4 - 6 + i + w. Give r(f).
-1
Let p(l) = -1 + 10*l - 2*l + 5 + l**2. Let h(k) = 3*k**2 - 36*k + 54. Let n be h(10). Give p(n).
-8
Suppose 11*q + 1 - 12 = 0. Let c(m) be the third derivative of -7*m**6/120 - m**5/60 + m**4/24 - m**3/6 - m**2. What is c(q)?
-8
Suppose -3*s + 5*c = 21, -s + c - 35 = 4*s. Let h(b) = 3*b + 151. Let z(j) = -10*j - 523. Let p(g) = -7*h(g) - 2*z(g). Give p(s).
-4
Let q(i) = -3 + 11753*i - 11759*i - 5. Determine q(4).
-32
Let r(u) = 2*u + 8. Suppose -v = -2*f + 15, 2*v + 1 = -f - 9. Let o(q) = -q**3 - 4*q**2 + 9*q - 28. Let x be o(v). Let n = -63 + x. What is r(n)?
-6
Let s(r) be the second derivative of 7*r + 0 + 9*r**2 + 1/3*r**3. Calculate s(-10).
-2
Let r(a) = 2*a**3 - 18*a**2 + a - 18. Let u(c) = c**3 - 34*c**2 + 94*c - 22. Let o be u(31). Calculate r(o).
-9
Let